{"id":1346,"date":"2023-04-07T20:16:27","date_gmt":"2023-04-07T18:16:27","guid":{"rendered":"https:\/\/voilierkribi.fr\/?page_id=1346"},"modified":"2024-02-29T22:10:23","modified_gmt":"2024-02-29T21:10:23","slug":"photos","status":"publish","type":"page","link":"https:\/\/voilierkribi.fr\/index.php\/photos\/","title":{"rendered":"Photos"},"content":{"rendered":"\n<p><\/p>\n\n\n\n<h3 class=\"wp-block-heading\">Au corps-mort et au ponton<\/h3>\n\n\n\n<figure class=\"wp-block-gallery has-nested-images columns-default is-cropped wp-block-gallery-1 is-layout-flex wp-block-gallery-is-layout-flex\">\n<figure class=\"wp-block-image size-large\"><a href=\"https:\/\/voilierkribi.fr\/wp-content\/uploads\/2023\/04\/2022-10-02-15.43.57-1-scaled.jpg\"><img loading=\"lazy\" decoding=\"async\" width=\"677\" height=\"1024\" data-id=\"1358\" src=\"https:\/\/voilierkribi.fr\/wp-content\/uploads\/2023\/04\/2022-10-02-15.43.57-1-677x1024.jpg\" alt=\"\" class=\"wp-image-1358\" srcset=\"https:\/\/voilierkribi.fr\/wp-content\/uploads\/2023\/04\/2022-10-02-15.43.57-1-677x1024.jpg 677w, https:\/\/voilierkribi.fr\/wp-content\/uploads\/2023\/04\/2022-10-02-15.43.57-1-198x300.jpg 198w, https:\/\/voilierkribi.fr\/wp-content\/uploads\/2023\/04\/2022-10-02-15.43.57-1-768x1162.jpg 768w, https:\/\/voilierkribi.fr\/wp-content\/uploads\/2023\/04\/2022-10-02-15.43.57-1-1015x1536.jpg 1015w, https:\/\/voilierkribi.fr\/wp-content\/uploads\/2023\/04\/2022-10-02-15.43.57-1-1353x2048.jpg 1353w, https:\/\/voilierkribi.fr\/wp-content\/uploads\/2023\/04\/2022-10-02-15.43.57-1-scaled.jpg 1692w\" sizes=\"auto, (max-width: 677px) 100vw, 677px\" \/><\/a><\/figure>\n\n\n\n<figure class=\"wp-block-image size-large\"><a href=\"https:\/\/voilierkribi.fr\/wp-content\/uploads\/2023\/04\/2022-10-02-17.59.14-scaled.jpg\"><img loading=\"lazy\" decoding=\"async\" width=\"576\" height=\"1024\" data-id=\"1359\" src=\"https:\/\/voilierkribi.fr\/wp-content\/uploads\/2023\/04\/2022-10-02-17.59.14-576x1024.jpg\" alt=\"\" class=\"wp-image-1359\" srcset=\"https:\/\/voilierkribi.fr\/wp-content\/uploads\/2023\/04\/2022-10-02-17.59.14-576x1024.jpg 576w, https:\/\/voilierkribi.fr\/wp-content\/uploads\/2023\/04\/2022-10-02-17.59.14-169x300.jpg 169w, https:\/\/voilierkribi.fr\/wp-content\/uploads\/2023\/04\/2022-10-02-17.59.14-768x1365.jpg 768w, https:\/\/voilierkribi.fr\/wp-content\/uploads\/2023\/04\/2022-10-02-17.59.14-864x1536.jpg 864w, https:\/\/voilierkribi.fr\/wp-content\/uploads\/2023\/04\/2022-10-02-17.59.14-1152x2048.jpg 1152w, https:\/\/voilierkribi.fr\/wp-content\/uploads\/2023\/04\/2022-10-02-17.59.14-scaled.jpg 1440w\" sizes=\"auto, (max-width: 576px) 100vw, 576px\" \/><\/a><\/figure>\n<\/figure>\n\n\n\n<h3 class=\"wp-block-heading\">Cockpit et pont<\/h3>\n\n\n\n<figure class=\"wp-block-gallery has-nested-images columns-default is-cropped wp-block-gallery-2 is-layout-flex wp-block-gallery-is-layout-flex\">\n<figure class=\"wp-block-image size-large\"><a href=\"https:\/\/voilierkribi.fr\/wp-content\/uploads\/2023\/04\/2022-10-29-16.45.27-scaled.jpg\"><img loading=\"lazy\" decoding=\"async\" width=\"576\" height=\"1024\" data-id=\"1360\" src=\"https:\/\/voilierkribi.fr\/wp-content\/uploads\/2023\/04\/2022-10-29-16.45.27-576x1024.jpg\" alt=\"\" class=\"wp-image-1360\" srcset=\"https:\/\/voilierkribi.fr\/wp-content\/uploads\/2023\/04\/2022-10-29-16.45.27-576x1024.jpg 576w, https:\/\/voilierkribi.fr\/wp-content\/uploads\/2023\/04\/2022-10-29-16.45.27-169x300.jpg 169w, https:\/\/voilierkribi.fr\/wp-content\/uploads\/2023\/04\/2022-10-29-16.45.27-768x1365.jpg 768w, https:\/\/voilierkribi.fr\/wp-content\/uploads\/2023\/04\/2022-10-29-16.45.27-864x1536.jpg 864w, https:\/\/voilierkribi.fr\/wp-content\/uploads\/2023\/04\/2022-10-29-16.45.27-1152x2048.jpg 1152w, https:\/\/voilierkribi.fr\/wp-content\/uploads\/2023\/04\/2022-10-29-16.45.27-scaled.jpg 1440w\" sizes=\"auto, (max-width: 576px) 100vw, 576px\" \/><\/a><\/figure>\n\n\n\n<figure class=\"wp-block-image size-large\"><a href=\"https:\/\/voilierkribi.fr\/wp-content\/uploads\/2023\/04\/2022-10-29-16.44.16-scaled.jpg\"><img loading=\"lazy\" decoding=\"async\" width=\"576\" height=\"1024\" data-id=\"1361\" src=\"https:\/\/voilierkribi.fr\/wp-content\/uploads\/2023\/04\/2022-10-29-16.44.16-576x1024.jpg\" alt=\"\" class=\"wp-image-1361\" srcset=\"https:\/\/voilierkribi.fr\/wp-content\/uploads\/2023\/04\/2022-10-29-16.44.16-576x1024.jpg 576w, https:\/\/voilierkribi.fr\/wp-content\/uploads\/2023\/04\/2022-10-29-16.44.16-169x300.jpg 169w, https:\/\/voilierkribi.fr\/wp-content\/uploads\/2023\/04\/2022-10-29-16.44.16-768x1365.jpg 768w, https:\/\/voilierkribi.fr\/wp-content\/uploads\/2023\/04\/2022-10-29-16.44.16-864x1536.jpg 864w, https:\/\/voilierkribi.fr\/wp-content\/uploads\/2023\/04\/2022-10-29-16.44.16-1152x2048.jpg 1152w, https:\/\/voilierkribi.fr\/wp-content\/uploads\/2023\/04\/2022-10-29-16.44.16-scaled.jpg 1440w\" sizes=\"auto, (max-width: 576px) 100vw, 576px\" \/><\/a><\/figure>\n<\/figure>\n\n\n\n<h3 class=\"wp-block-heading\">Cabine<\/h3>\n\n\n\n<figure class=\"wp-block-gallery has-nested-images columns-4 is-cropped wp-block-gallery-3 is-layout-flex wp-block-gallery-is-layout-flex\">\n<figure class=\"wp-block-image size-large\"><a href=\"https:\/\/voilierkribi.fr\/wp-content\/uploads\/2023\/04\/2021-11-28-11.26.58-scaled.jpg\"><img loading=\"lazy\" decoding=\"async\" width=\"1024\" height=\"485\" data-id=\"1350\" src=\"https:\/\/voilierkribi.fr\/wp-content\/uploads\/2023\/04\/2021-11-28-11.26.58-1024x485.jpg\" alt=\"\" class=\"wp-image-1350\" srcset=\"https:\/\/voilierkribi.fr\/wp-content\/uploads\/2023\/04\/2021-11-28-11.26.58-1024x485.jpg 1024w, https:\/\/voilierkribi.fr\/wp-content\/uploads\/2023\/04\/2021-11-28-11.26.58-300x142.jpg 300w, https:\/\/voilierkribi.fr\/wp-content\/uploads\/2023\/04\/2021-11-28-11.26.58-768x364.jpg 768w, https:\/\/voilierkribi.fr\/wp-content\/uploads\/2023\/04\/2021-11-28-11.26.58-1536x728.jpg 1536w, https:\/\/voilierkribi.fr\/wp-content\/uploads\/2023\/04\/2021-11-28-11.26.58-2048x971.jpg 2048w\" sizes=\"auto, (max-width: 1024px) 100vw, 1024px\" \/><\/a><\/figure>\n\n\n\n<figure class=\"wp-block-image size-large\"><a href=\"https:\/\/voilierkribi.fr\/wp-content\/uploads\/2023\/04\/2021-11-28-11.27.01-scaled.jpg\"><img loading=\"lazy\" decoding=\"async\" width=\"1024\" height=\"485\" data-id=\"1357\" src=\"https:\/\/voilierkribi.fr\/wp-content\/uploads\/2023\/04\/2021-11-28-11.27.01-1024x485.jpg\" alt=\"\" class=\"wp-image-1357\" srcset=\"https:\/\/voilierkribi.fr\/wp-content\/uploads\/2023\/04\/2021-11-28-11.27.01-1024x485.jpg 1024w, https:\/\/voilierkribi.fr\/wp-content\/uploads\/2023\/04\/2021-11-28-11.27.01-300x142.jpg 300w, https:\/\/voilierkribi.fr\/wp-content\/uploads\/2023\/04\/2021-11-28-11.27.01-768x364.jpg 768w, https:\/\/voilierkribi.fr\/wp-content\/uploads\/2023\/04\/2021-11-28-11.27.01-1536x728.jpg 1536w, https:\/\/voilierkribi.fr\/wp-content\/uploads\/2023\/04\/2021-11-28-11.27.01-2048x971.jpg 2048w\" sizes=\"auto, (max-width: 1024px) 100vw, 1024px\" \/><\/a><\/figure>\n\n\n\n<figure class=\"wp-block-image size-large\"><a href=\"https:\/\/voilierkribi.fr\/wp-content\/uploads\/2023\/04\/2021-11-28-11.27.22-scaled.jpg\"><img loading=\"lazy\" decoding=\"async\" width=\"1024\" height=\"485\" data-id=\"1354\" src=\"https:\/\/voilierkribi.fr\/wp-content\/uploads\/2023\/04\/2021-11-28-11.27.22-1024x485.jpg\" alt=\"\" class=\"wp-image-1354\" srcset=\"https:\/\/voilierkribi.fr\/wp-content\/uploads\/2023\/04\/2021-11-28-11.27.22-1024x485.jpg 1024w, https:\/\/voilierkribi.fr\/wp-content\/uploads\/2023\/04\/2021-11-28-11.27.22-300x142.jpg 300w, https:\/\/voilierkribi.fr\/wp-content\/uploads\/2023\/04\/2021-11-28-11.27.22-768x364.jpg 768w, https:\/\/voilierkribi.fr\/wp-content\/uploads\/2023\/04\/2021-11-28-11.27.22-1536x728.jpg 1536w, https:\/\/voilierkribi.fr\/wp-content\/uploads\/2023\/04\/2021-11-28-11.27.22-2048x971.jpg 2048w\" sizes=\"auto, (max-width: 1024px) 100vw, 1024px\" \/><\/a><\/figure>\n\n\n\n<figure class=\"wp-block-image size-large\"><a href=\"https:\/\/voilierkribi.fr\/wp-content\/uploads\/2023\/04\/2021-11-28-11.27.16-scaled.jpg\"><img loading=\"lazy\" decoding=\"async\" width=\"1024\" height=\"485\" data-id=\"1355\" src=\"https:\/\/voilierkribi.fr\/wp-content\/uploads\/2023\/04\/2021-11-28-11.27.16-1024x485.jpg\" alt=\"\" class=\"wp-image-1355\" srcset=\"https:\/\/voilierkribi.fr\/wp-content\/uploads\/2023\/04\/2021-11-28-11.27.16-1024x485.jpg 1024w, https:\/\/voilierkribi.fr\/wp-content\/uploads\/2023\/04\/2021-11-28-11.27.16-300x142.jpg 300w, https:\/\/voilierkribi.fr\/wp-content\/uploads\/2023\/04\/2021-11-28-11.27.16-768x364.jpg 768w, https:\/\/voilierkribi.fr\/wp-content\/uploads\/2023\/04\/2021-11-28-11.27.16-1536x728.jpg 1536w, https:\/\/voilierkribi.fr\/wp-content\/uploads\/2023\/04\/2021-11-28-11.27.16-2048x971.jpg 2048w\" sizes=\"auto, (max-width: 1024px) 100vw, 1024px\" \/><\/a><\/figure>\n\n\n\n<figure class=\"wp-block-image size-large\"><a href=\"https:\/\/voilierkribi.fr\/wp-content\/uploads\/2023\/04\/2021-11-28-11.26.44-scaled.jpg\"><img loading=\"lazy\" decoding=\"async\" width=\"1024\" height=\"485\" data-id=\"1356\" src=\"https:\/\/voilierkribi.fr\/wp-content\/uploads\/2023\/04\/2021-11-28-11.26.44-1024x485.jpg\" alt=\"\" class=\"wp-image-1356\" srcset=\"https:\/\/voilierkribi.fr\/wp-content\/uploads\/2023\/04\/2021-11-28-11.26.44-1024x485.jpg 1024w, https:\/\/voilierkribi.fr\/wp-content\/uploads\/2023\/04\/2021-11-28-11.26.44-300x142.jpg 300w, https:\/\/voilierkribi.fr\/wp-content\/uploads\/2023\/04\/2021-11-28-11.26.44-768x364.jpg 768w, https:\/\/voilierkribi.fr\/wp-content\/uploads\/2023\/04\/2021-11-28-11.26.44-1536x728.jpg 1536w, https:\/\/voilierkribi.fr\/wp-content\/uploads\/2023\/04\/2021-11-28-11.26.44-2048x971.jpg 2048w\" sizes=\"auto, (max-width: 1024px) 100vw, 1024px\" \/><\/a><\/figure>\n<\/figure>\n\n\n\n<h3 class=\"wp-block-heading\">Vu du ciel<\/h3>\n\n\n\n<figure class=\"wp-block-gallery has-nested-images columns-3 is-cropped wp-block-gallery-4 is-layout-flex wp-block-gallery-is-layout-flex\">\n<figure class=\"wp-block-image size-large\"><a href=\"https:\/\/voilierkribi.fr\/wp-content\/uploads\/2023\/03\/VideoCapture_20230323-230456.jpg\"><img loading=\"lazy\" decoding=\"async\" width=\"1024\" height=\"576\" data-id=\"1209\" src=\"https:\/\/voilierkribi.fr\/wp-content\/uploads\/2023\/03\/VideoCapture_20230323-230456-1024x576.jpg\" alt=\"\" class=\"wp-image-1209\" srcset=\"https:\/\/voilierkribi.fr\/wp-content\/uploads\/2023\/03\/VideoCapture_20230323-230456-1024x576.jpg 1024w, https:\/\/voilierkribi.fr\/wp-content\/uploads\/2023\/03\/VideoCapture_20230323-230456-300x169.jpg 300w, https:\/\/voilierkribi.fr\/wp-content\/uploads\/2023\/03\/VideoCapture_20230323-230456-768x432.jpg 768w, https:\/\/voilierkribi.fr\/wp-content\/uploads\/2023\/03\/VideoCapture_20230323-230456.jpg 1280w\" sizes=\"auto, (max-width: 1024px) 100vw, 1024px\" \/><\/a><\/figure>\n\n\n\n<figure class=\"wp-block-image size-large\"><a href=\"https:\/\/voilierkribi.fr\/wp-content\/uploads\/2023\/03\/VideoCapture_20230323-230615.jpg\"><img loading=\"lazy\" decoding=\"async\" width=\"1024\" height=\"576\" data-id=\"1211\" src=\"https:\/\/voilierkribi.fr\/wp-content\/uploads\/2023\/03\/VideoCapture_20230323-230615-1024x576.jpg\" alt=\"\" class=\"wp-image-1211\" srcset=\"https:\/\/voilierkribi.fr\/wp-content\/uploads\/2023\/03\/VideoCapture_20230323-230615-1024x576.jpg 1024w, https:\/\/voilierkribi.fr\/wp-content\/uploads\/2023\/03\/VideoCapture_20230323-230615-300x169.jpg 300w, https:\/\/voilierkribi.fr\/wp-content\/uploads\/2023\/03\/VideoCapture_20230323-230615-768x432.jpg 768w, https:\/\/voilierkribi.fr\/wp-content\/uploads\/2023\/03\/VideoCapture_20230323-230615.jpg 1280w\" sizes=\"auto, (max-width: 1024px) 100vw, 1024px\" \/><\/a><\/figure>\n\n\n\n<figure class=\"wp-block-image size-large\"><a href=\"https:\/\/voilierkribi.fr\/wp-content\/uploads\/2023\/03\/VideoCapture_20230323-230442.jpg\"><img loading=\"lazy\" decoding=\"async\" width=\"1024\" height=\"576\" data-id=\"1212\" src=\"https:\/\/voilierkribi.fr\/wp-content\/uploads\/2023\/03\/VideoCapture_20230323-230442-1024x576.jpg\" alt=\"\" class=\"wp-image-1212\" srcset=\"https:\/\/voilierkribi.fr\/wp-content\/uploads\/2023\/03\/VideoCapture_20230323-230442-1024x576.jpg 1024w, https:\/\/voilierkribi.fr\/wp-content\/uploads\/2023\/03\/VideoCapture_20230323-230442-300x169.jpg 300w, https:\/\/voilierkribi.fr\/wp-content\/uploads\/2023\/03\/VideoCapture_20230323-230442-768x432.jpg 768w, https:\/\/voilierkribi.fr\/wp-content\/uploads\/2023\/03\/VideoCapture_20230323-230442.jpg 1280w\" sizes=\"auto, (max-width: 1024px) 100vw, 1024px\" \/><\/a><\/figure>\n\n\n\n<figure class=\"wp-block-image size-large\"><a href=\"https:\/\/voilierkribi.fr\/wp-content\/uploads\/2023\/03\/VideoCapture_20230323-230537.jpg\"><img loading=\"lazy\" decoding=\"async\" width=\"1024\" height=\"576\" data-id=\"1210\" src=\"https:\/\/voilierkribi.fr\/wp-content\/uploads\/2023\/03\/VideoCapture_20230323-230537-1024x576.jpg\" alt=\"\" class=\"wp-image-1210\" srcset=\"https:\/\/voilierkribi.fr\/wp-content\/uploads\/2023\/03\/VideoCapture_20230323-230537-1024x576.jpg 1024w, https:\/\/voilierkribi.fr\/wp-content\/uploads\/2023\/03\/VideoCapture_20230323-230537-300x169.jpg 300w, https:\/\/voilierkribi.fr\/wp-content\/uploads\/2023\/03\/VideoCapture_20230323-230537-768x432.jpg 768w, https:\/\/voilierkribi.fr\/wp-content\/uploads\/2023\/03\/VideoCapture_20230323-230537.jpg 1280w\" sizes=\"auto, (max-width: 1024px) 100vw, 1024px\" \/><\/a><\/figure>\n<\/figure>\n\n\n\n<h3 class=\"wp-block-heading\">Le plan d&rsquo;eau de Plobsheim <\/h3>\n\n\n\n<figure class=\"wp-block-gallery has-nested-images columns-2 is-cropped wp-block-gallery-5 is-layout-flex wp-block-gallery-is-layout-flex\">\n<figure class=\"wp-block-image size-large\"><a href=\"https:\/\/voilierkribi.fr\/wp-content\/uploads\/2023\/04\/2021-09-19-11.11.32-5-scaled.jpg\"><img loading=\"lazy\" decoding=\"async\" width=\"1024\" height=\"485\" data-id=\"1368\" src=\"https:\/\/voilierkribi.fr\/wp-content\/uploads\/2023\/04\/2021-09-19-11.11.32-5-1024x485.jpg\" alt=\"\" class=\"wp-image-1368\" srcset=\"https:\/\/voilierkribi.fr\/wp-content\/uploads\/2023\/04\/2021-09-19-11.11.32-5-1024x485.jpg 1024w, https:\/\/voilierkribi.fr\/wp-content\/uploads\/2023\/04\/2021-09-19-11.11.32-5-300x142.jpg 300w, https:\/\/voilierkribi.fr\/wp-content\/uploads\/2023\/04\/2021-09-19-11.11.32-5-768x363.jpg 768w, https:\/\/voilierkribi.fr\/wp-content\/uploads\/2023\/04\/2021-09-19-11.11.32-5-1536x727.jpg 1536w, https:\/\/voilierkribi.fr\/wp-content\/uploads\/2023\/04\/2021-09-19-11.11.32-5-2048x969.jpg 2048w\" sizes=\"auto, (max-width: 1024px) 100vw, 1024px\" \/><\/a><\/figure>\n\n\n\n<figure class=\"wp-block-image size-large\"><a href=\"https:\/\/voilierkribi.fr\/wp-content\/uploads\/2023\/04\/2016-08-21-18.36.42-scaled.jpg\"><img loading=\"lazy\" decoding=\"async\" width=\"1024\" height=\"517\" data-id=\"1366\" src=\"https:\/\/voilierkribi.fr\/wp-content\/uploads\/2023\/04\/2016-08-21-18.36.42-1024x517.jpg\" alt=\"\" class=\"wp-image-1366\" srcset=\"https:\/\/voilierkribi.fr\/wp-content\/uploads\/2023\/04\/2016-08-21-18.36.42-1024x517.jpg 1024w, https:\/\/voilierkribi.fr\/wp-content\/uploads\/2023\/04\/2016-08-21-18.36.42-300x151.jpg 300w, https:\/\/voilierkribi.fr\/wp-content\/uploads\/2023\/04\/2016-08-21-18.36.42-768x388.jpg 768w, https:\/\/voilierkribi.fr\/wp-content\/uploads\/2023\/04\/2016-08-21-18.36.42-1536x775.jpg 1536w, https:\/\/voilierkribi.fr\/wp-content\/uploads\/2023\/04\/2016-08-21-18.36.42-2048x1033.jpg 2048w\" sizes=\"auto, (max-width: 1024px) 100vw, 1024px\" \/><\/a><figcaption class=\"wp-element-caption\">Pontons<\/figcaption><\/figure>\n\n\n\n<figure class=\"wp-block-image size-large\"><a href=\"https:\/\/voilierkribi.fr\/wp-content\/uploads\/2023\/04\/2015-09-30-18.15.41-scaled.jpg\"><img loading=\"lazy\" decoding=\"async\" width=\"1024\" height=\"576\" data-id=\"1364\" src=\"https:\/\/voilierkribi.fr\/wp-content\/uploads\/2023\/04\/2015-09-30-18.15.41-1024x576.jpg\" alt=\"\" class=\"wp-image-1364\" srcset=\"https:\/\/voilierkribi.fr\/wp-content\/uploads\/2023\/04\/2015-09-30-18.15.41-1024x576.jpg 1024w, https:\/\/voilierkribi.fr\/wp-content\/uploads\/2023\/04\/2015-09-30-18.15.41-300x169.jpg 300w, https:\/\/voilierkribi.fr\/wp-content\/uploads\/2023\/04\/2015-09-30-18.15.41-768x432.jpg 768w, https:\/\/voilierkribi.fr\/wp-content\/uploads\/2023\/04\/2015-09-30-18.15.41-1536x864.jpg 1536w, https:\/\/voilierkribi.fr\/wp-content\/uploads\/2023\/04\/2015-09-30-18.15.41-2048x1152.jpg 2048w\" sizes=\"auto, (max-width: 1024px) 100vw, 1024px\" \/><\/a><\/figure>\n\n\n\n<figure class=\"wp-block-image size-large\"><a href=\"https:\/\/voilierkribi.fr\/wp-content\/uploads\/2023\/04\/2016-08-21-18.51.23-2-scaled.jpg\"><img loading=\"lazy\" decoding=\"async\" width=\"1024\" height=\"576\" data-id=\"1370\" src=\"https:\/\/voilierkribi.fr\/wp-content\/uploads\/2023\/04\/2016-08-21-18.51.23-2-1024x576.jpg\" alt=\"\" class=\"wp-image-1370\" srcset=\"https:\/\/voilierkribi.fr\/wp-content\/uploads\/2023\/04\/2016-08-21-18.51.23-2-1024x576.jpg 1024w, https:\/\/voilierkribi.fr\/wp-content\/uploads\/2023\/04\/2016-08-21-18.51.23-2-300x169.jpg 300w, https:\/\/voilierkribi.fr\/wp-content\/uploads\/2023\/04\/2016-08-21-18.51.23-2-768x432.jpg 768w, https:\/\/voilierkribi.fr\/wp-content\/uploads\/2023\/04\/2016-08-21-18.51.23-2-1536x864.jpg 1536w, https:\/\/voilierkribi.fr\/wp-content\/uploads\/2023\/04\/2016-08-21-18.51.23-2-2048x1152.jpg 2048w\" sizes=\"auto, (max-width: 1024px) 100vw, 1024px\" \/><\/a><figcaption class=\"wp-element-caption\">Le sud du plan d&rsquo;eau<\/figcaption><\/figure>\n\n\n\n<figure class=\"wp-block-image size-large\"><a href=\"https:\/\/voilierkribi.fr\/wp-content\/uploads\/2022\/01\/cropped-imgtitre.png\"><img loading=\"lazy\" decoding=\"async\" width=\"1024\" height=\"576\" data-id=\"416\" src=\"https:\/\/voilierkribi.fr\/wp-content\/uploads\/2022\/01\/cropped-imgtitre-1024x576.png\" alt=\"\" class=\"wp-image-416\" srcset=\"https:\/\/voilierkribi.fr\/wp-content\/uploads\/2022\/01\/cropped-imgtitre-1024x576.png 1024w, https:\/\/voilierkribi.fr\/wp-content\/uploads\/2022\/01\/cropped-imgtitre-300x169.png 300w, https:\/\/voilierkribi.fr\/wp-content\/uploads\/2022\/01\/cropped-imgtitre-768x432.png 768w, https:\/\/voilierkribi.fr\/wp-content\/uploads\/2022\/01\/cropped-imgtitre-1536x864.png 1536w, https:\/\/voilierkribi.fr\/wp-content\/uploads\/2022\/01\/cropped-imgtitre-533x300.png 533w, https:\/\/voilierkribi.fr\/wp-content\/uploads\/2022\/01\/cropped-imgtitre.png 1751w\" sizes=\"auto, (max-width: 1024px) 100vw, 1024px\" \/><\/a><\/figure>\n<\/figure>\n","protected":false},"excerpt":{"rendered":"<p>Au corps-mort et au ponton Cockpit et pont Cabine Vu du ciel Le plan d&rsquo;eau de Plobsheim<\/p>\n","protected":false},"author":1,"featured_media":0,"parent":0,"menu_order":0,"comment_status":"closed","ping_status":"closed","template":"","meta":{"advgb_blocks_editor_width":"","advgb_blocks_columns_visual_guide":"","footnotes":""},"class_list":["post-1346","page","type-page","status-publish","hentry"],"coauthors":[],"author_meta":{"author_link":"https:\/\/voilierkribi.fr\/index.php\/author\/admin7450\/","display_name":"Jean"},"relative_dates":{"created":"Publi\u00e9 3 ans il y a","modified":"Mis \u00e0 jour 2 ans il y a"},"absolute_dates":{"created":"Publi\u00e9 le 7 avril 2023","modified":"Mise \u00e0 jour le 29 f\u00e9vrier 2024"},"absolute_dates_time":{"created":"Publi\u00e9 le 7 avril 2023 20h16","modified":"Mise \u00e0 jour le 29 f\u00e9vrier 2024 22h10"},"featured_img_caption":"","featured_img":false,"series_order":"","_links":{"self":[{"href":"https:\/\/voilierkribi.fr\/index.php\/wp-json\/wp\/v2\/pages\/1346","targetHints":{"allow":["GET"]}}],"collection":[{"href":"https:\/\/voilierkribi.fr\/index.php\/wp-json\/wp\/v2\/pages"}],"about":[{"href":"https:\/\/voilierkribi.fr\/index.php\/wp-json\/wp\/v2\/types\/page"}],"author":[{"embeddable":true,"href":"https:\/\/voilierkribi.fr\/index.php\/wp-json\/wp\/v2\/users\/1"}],"replies":[{"embeddable":true,"href":"https:\/\/voilierkribi.fr\/index.php\/wp-json\/wp\/v2\/comments?post=1346"}],"version-history":[{"count":16,"href":"https:\/\/voilierkribi.fr\/index.php\/wp-json\/wp\/v2\/pages\/1346\/revisions"}],"predecessor-version":[{"id":1932,"href":"https:\/\/voilierkribi.fr\/index.php\/wp-json\/wp\/v2\/pages\/1346\/revisions\/1932"}],"wp:attachment":[{"href":"https:\/\/voilierkribi.fr\/index.php\/wp-json\/wp\/v2\/media?parent=1346"}],"curies":[{"name":"wp","href":"https:\/\/api.w.org\/{rel}","templated":true}]}}