{"id":1806,"date":"2024-01-08T14:08:54","date_gmt":"2024-01-08T13:08:54","guid":{"rendered":"https:\/\/voilierkribi.fr\/?page_id=1806"},"modified":"2024-01-13T09:51:38","modified_gmt":"2024-01-13T08:51:38","slug":"travaux","status":"publish","type":"page","link":"https:\/\/voilierkribi.fr\/index.php\/travaux\/","title":{"rendered":"Travaux"},"content":{"rendered":"<div id=\"ez-toc-container\" class=\"ez-toc-v2_0_82_2 counter-hierarchy ez-toc-counter ez-toc-grey ez-toc-container-direction\">\n<div class=\"ez-toc-title-container\">\n<p class=\"ez-toc-title\" style=\"cursor:inherit\">Table des mati\u00e8res <\/p>\n<span class=\"ez-toc-title-toggle\"><a href=\"#\" class=\"ez-toc-pull-right ez-toc-btn ez-toc-btn-xs ez-toc-btn-default ez-toc-toggle\" aria-label=\"Toggle Table of Content\"><span class=\"ez-toc-js-icon-con\"><span class=\"\"><span class=\"eztoc-hide\" style=\"display:none;\">Toggle<\/span><span class=\"ez-toc-icon-toggle-span\"><svg style=\"fill: #999;color:#999\" xmlns=\"http:\/\/www.w3.org\/2000\/svg\" class=\"list-377408\" width=\"20px\" height=\"20px\" viewBox=\"0 0 24 24\" fill=\"none\"><path d=\"M6 6H4v2h2V6zm14 0H8v2h12V6zM4 11h2v2H4v-2zm16 0H8v2h12v-2zM4 16h2v2H4v-2zm16 0H8v2h12v-2z\" fill=\"currentColor\"><\/path><\/svg><svg style=\"fill: #999;color:#999\" class=\"arrow-unsorted-368013\" xmlns=\"http:\/\/www.w3.org\/2000\/svg\" width=\"10px\" height=\"10px\" viewBox=\"0 0 24 24\" version=\"1.2\" baseProfile=\"tiny\"><path d=\"M18.2 9.3l-6.2-6.3-6.2 6.3c-.2.2-.3.4-.3.7s.1.5.3.7c.2.2.4.3.7.3h11c.3 0 .5-.1.7-.3.2-.2.3-.5.3-.7s-.1-.5-.3-.7zM5.8 14.7l6.2 6.3 6.2-6.3c.2-.2.3-.5.3-.7s-.1-.5-.3-.7c-.2-.2-.4-.3-.7-.3h-11c-.3 0-.5.1-.7.3-.2.2-.3.5-.3.7s.1.5.3.7z\"\/><\/svg><\/span><\/span><\/span><\/a><\/span><\/div>\n<nav><ul class='ez-toc-list ez-toc-list-level-1 ' ><li class='ez-toc-page-1 ez-toc-heading-level-3'><a class=\"ez-toc-link ez-toc-heading-1\" href=\"https:\/\/voilierkribi.fr\/index.php\/2022\/05\/01\/renovation-du-safran-1-5-la-depose\/#Premiere_etape_demonter_la_barre_franche\" >Premi\u00e8re \u00e9tape : d\u00e9monter la barre franche<\/a><\/li><li class='ez-toc-page-1 ez-toc-heading-level-3'><a class=\"ez-toc-link ez-toc-heading-2\" href=\"https:\/\/voilierkribi.fr\/index.php\/2022\/05\/01\/renovation-du-safran-1-5-la-depose\/#Seconde_etape_retirer_la_bague_qui_enserre_la_meche_de_safran\" >Seconde \u00e9tape : retirer la bague qui enserre la m\u00e8che de safran<\/a><\/li><li class='ez-toc-page-1 ez-toc-heading-level-3'><a class=\"ez-toc-link ez-toc-heading-3\" href=\"https:\/\/voilierkribi.fr\/index.php\/2022\/05\/01\/renovation-du-safran-1-5-la-depose\/#Troisieme_etape_tirer_le_safran_vers_le_bas\" >Troisi\u00e8me \u00e9tape : tirer le safran vers le bas<\/a><\/li><li class='ez-toc-page-1 ez-toc-heading-level-3'><a class=\"ez-toc-link ez-toc-heading-4\" href=\"https:\/\/voilierkribi.fr\/index.php\/2022\/05\/01\/renovation-du-safran-1-5-la-depose\/#Quatrieme_etape_creuser\" >Quatri\u00e8me \u00e9tape : creuser !<\/a><\/li><\/ul><\/nav><\/div>\n<div class=\"bdpp-wrap bdpp-lite bdpp-post-grid-wrap bdpp-post-data-wrap bdpp-design-2 bdpp-grid-2  bdpp-clearfix\" id=\"bdpp-post-grid-1\">\r\n\t<div class=\"bdpp-post-grid-inr-wrap bdpp-post-data-inr-wrap bdpp-clearfix\"><div class=\"bdpp-post-grid bdpp-col-2 bdpp-columns bdpp-post-2060 bdpp-post-standard bdpp-first bdpp-has-thumb\">\r\n\t<div class=\"bdpp-post-grid-content\">\r\n\t\t\t\t<div class=\"bdpp-post-img-bg\">\r\n\t\t\t<a href=\"https:\/\/voilierkribi.fr\/index.php\/2024\/04\/01\/remplacement-de-la-roue-jockey-de-la-remorque\/\">\r\n\t\t\t\t<img decoding=\"async\" src=\"https:\/\/voilierkribi.fr\/wp-content\/uploads\/2024\/09\/2024-04-01-18.05.56-scaled.jpg\" class=\"bdpp-img bdpp-post-feat-img\" alt=\"Remplacement  de  la roue jockey de la remorque\" \/>\r\n\t\t\t<\/a>\r\n\t\t<\/div>\r\n\t\t\r\n\t\t<div class=\"bdpp-post-margin-content\">\r\n\t\t\t\r\n\t\t\t<h2 class=\"bdpp-post-title\">\r\n\t\t\t\t<a href=\"https:\/\/voilierkribi.fr\/index.php\/2024\/04\/01\/remplacement-de-la-roue-jockey-de-la-remorque\/\">Remplacement  de  la roue jockey de la remorque<\/a>\r\n\t\t\t<\/h2>\r\n\r\n\t\t\t\t\t\t<div class=\"bdpp-post-meta bdpp-post-meta-up\">\r\n\t\t\t\t<span class=\"bdpp-post-meta-data bdpp-post-date\"><i class=\"fa fa-clock-o\"><\/i>1 avril 2024<\/span>\t\t\t<\/div>\r\n\t\t\t\t\t<\/div>\r\n\t<\/div>\r\n<\/div><div class=\"bdpp-post-grid bdpp-col-2 bdpp-columns bdpp-post-1478 bdpp-post-standard bdpp-has-thumb\">\r\n\t<div class=\"bdpp-post-grid-content\">\r\n\t\t\t\t<div class=\"bdpp-post-img-bg\">\r\n\t\t\t<a href=\"https:\/\/voilierkribi.fr\/index.php\/2023\/03\/09\/traitement-des-boiseries-exterieures\/\">\r\n\t\t\t\t<img decoding=\"async\" src=\"https:\/\/voilierkribi.fr\/wp-content\/uploads\/2023\/05\/2023-03-11-18.20.03-scaled.jpg\" class=\"bdpp-img bdpp-post-feat-img\" alt=\"Traitement des boiseries ext\u00e9rieures\" \/>\r\n\t\t\t<\/a>\r\n\t\t<\/div>\r\n\t\t\r\n\t\t<div class=\"bdpp-post-margin-content\">\r\n\t\t\t\r\n\t\t\t<h2 class=\"bdpp-post-title\">\r\n\t\t\t\t<a href=\"https:\/\/voilierkribi.fr\/index.php\/2023\/03\/09\/traitement-des-boiseries-exterieures\/\">Traitement des boiseries ext\u00e9rieures<\/a>\r\n\t\t\t<\/h2>\r\n\r\n\t\t\t\t\t\t<div class=\"bdpp-post-meta bdpp-post-meta-up\">\r\n\t\t\t\t<span class=\"bdpp-post-meta-data bdpp-post-date\"><i class=\"fa fa-clock-o\"><\/i>9 mars 2023<\/span>\t\t\t<\/div>\r\n\t\t\t\t\t<\/div>\r\n\t<\/div>\r\n<\/div><div class=\"bdpp-post-grid bdpp-col-2 bdpp-columns bdpp-post-1248 bdpp-post-standard bdpp-first bdpp-has-thumb\">\r\n\t<div class=\"bdpp-post-grid-content\">\r\n\t\t\t\t<div class=\"bdpp-post-img-bg\">\r\n\t\t\t<a href=\"https:\/\/voilierkribi.fr\/index.php\/2022\/11\/19\/changement-des-patins-de-remorque\/\">\r\n\t\t\t\t<img decoding=\"async\" src=\"https:\/\/voilierkribi.fr\/wp-content\/uploads\/2022\/11\/2022-10-02-09.26.30-scaled.jpg\" class=\"bdpp-img bdpp-post-feat-img\" alt=\"Changement des patins de remorque\" \/>\r\n\t\t\t<\/a>\r\n\t\t<\/div>\r\n\t\t\r\n\t\t<div class=\"bdpp-post-margin-content\">\r\n\t\t\t\r\n\t\t\t<h2 class=\"bdpp-post-title\">\r\n\t\t\t\t<a href=\"https:\/\/voilierkribi.fr\/index.php\/2022\/11\/19\/changement-des-patins-de-remorque\/\">Changement des patins de remorque<\/a>\r\n\t\t\t<\/h2>\r\n\r\n\t\t\t\t\t\t<div class=\"bdpp-post-meta bdpp-post-meta-up\">\r\n\t\t\t\t<span class=\"bdpp-post-meta-data bdpp-post-date\"><i class=\"fa fa-clock-o\"><\/i>19 novembre 2022<\/span>\t\t\t<\/div>\r\n\t\t\t\t\t<\/div>\r\n\t<\/div>\r\n<\/div><div class=\"bdpp-post-grid bdpp-col-2 bdpp-columns bdpp-post-1036 bdpp-post-standard bdpp-has-thumb\">\r\n\t<div class=\"bdpp-post-grid-content\">\r\n\t\t\t\t<div class=\"bdpp-post-img-bg\">\r\n\t\t\t<a href=\"https:\/\/voilierkribi.fr\/index.php\/2022\/09\/30\/stratification-du-safran-chroniques-dun-echec\/\">\r\n\t\t\t\t<img decoding=\"async\" src=\"https:\/\/voilierkribi.fr\/wp-content\/uploads\/2023\/05\/Screenshot_20230519_232155_Cx-File-Explorer.jpg\" class=\"bdpp-img bdpp-post-feat-img\" alt=\"Tentative de stratification du safran\" \/>\r\n\t\t\t<\/a>\r\n\t\t<\/div>\r\n\t\t\r\n\t\t<div class=\"bdpp-post-margin-content\">\r\n\t\t\t\r\n\t\t\t<h2 class=\"bdpp-post-title\">\r\n\t\t\t\t<a href=\"https:\/\/voilierkribi.fr\/index.php\/2022\/09\/30\/stratification-du-safran-chroniques-dun-echec\/\">Tentative de stratification du safran<\/a>\r\n\t\t\t<\/h2>\r\n\r\n\t\t\t\t\t\t<div class=\"bdpp-post-meta bdpp-post-meta-up\">\r\n\t\t\t\t<span class=\"bdpp-post-meta-data bdpp-post-date\"><i class=\"fa fa-clock-o\"><\/i>30 septembre 2022<\/span>\t\t\t<\/div>\r\n\t\t\t\t\t<\/div>\r\n\t<\/div>\r\n<\/div><div class=\"bdpp-post-grid bdpp-col-2 bdpp-columns bdpp-post-816 bdpp-post-standard bdpp-first bdpp-has-thumb\">\r\n\t<div class=\"bdpp-post-grid-content\">\r\n\t\t\t\t<div class=\"bdpp-post-img-bg\">\r\n\t\t\t<a href=\"https:\/\/voilierkribi.fr\/index.php\/2022\/09\/30\/renovation-du-safran-5-5-bilan\/\">\r\n\t\t\t\t<img decoding=\"async\" src=\"https:\/\/voilierkribi.fr\/wp-content\/uploads\/2022\/09\/Screenshot_20230302_084423_Cx-File-Explorer.jpg\" class=\"bdpp-img bdpp-post-feat-img\" alt=\"R\u00e9novation du safran (5\/5) : Bilan\" \/>\r\n\t\t\t<\/a>\r\n\t\t<\/div>\r\n\t\t\r\n\t\t<div class=\"bdpp-post-margin-content\">\r\n\t\t\t\r\n\t\t\t<h2 class=\"bdpp-post-title\">\r\n\t\t\t\t<a href=\"https:\/\/voilierkribi.fr\/index.php\/2022\/09\/30\/renovation-du-safran-5-5-bilan\/\">R\u00e9novation du safran (5\/5) : Bilan<\/a>\r\n\t\t\t<\/h2>\r\n\r\n\t\t\t\t\t\t<div class=\"bdpp-post-meta bdpp-post-meta-up\">\r\n\t\t\t\t<span class=\"bdpp-post-meta-data bdpp-post-date\"><i class=\"fa fa-clock-o\"><\/i>30 septembre 2022<\/span>\t\t\t<\/div>\r\n\t\t\t\t\t<\/div>\r\n\t<\/div>\r\n<\/div><div class=\"bdpp-post-grid bdpp-col-2 bdpp-columns bdpp-post-965 bdpp-post-standard bdpp-has-thumb\">\r\n\t<div class=\"bdpp-post-grid-content\">\r\n\t\t\t\t<div class=\"bdpp-post-img-bg\">\r\n\t\t\t<a href=\"https:\/\/voilierkribi.fr\/index.php\/2022\/09\/25\/renovation-du-safran-4-5-reparation\/\">\r\n\t\t\t\t<img decoding=\"async\" src=\"https:\/\/voilierkribi.fr\/wp-content\/uploads\/2023\/02\/Screenshot_20230226_221521_Cx-File-Explorer.jpg\" class=\"bdpp-img bdpp-post-feat-img\" alt=\"R\u00e9novation du safran (4\/5) : r\u00e9paration\" \/>\r\n\t\t\t<\/a>\r\n\t\t<\/div>\r\n\t\t\r\n\t\t<div class=\"bdpp-post-margin-content\">\r\n\t\t\t\r\n\t\t\t<h2 class=\"bdpp-post-title\">\r\n\t\t\t\t<a href=\"https:\/\/voilierkribi.fr\/index.php\/2022\/09\/25\/renovation-du-safran-4-5-reparation\/\">R\u00e9novation du safran (4\/5) : r\u00e9paration<\/a>\r\n\t\t\t<\/h2>\r\n\r\n\t\t\t\t\t\t<div class=\"bdpp-post-meta bdpp-post-meta-up\">\r\n\t\t\t\t<span class=\"bdpp-post-meta-data bdpp-post-date\"><i class=\"fa fa-clock-o\"><\/i>25 septembre 2022<\/span>\t\t\t<\/div>\r\n\t\t\t\t\t<\/div>\r\n\t<\/div>\r\n<\/div><div class=\"bdpp-post-grid bdpp-col-2 bdpp-columns bdpp-post-732 bdpp-post-standard bdpp-first bdpp-has-thumb\">\r\n\t<div class=\"bdpp-post-grid-content\">\r\n\t\t\t\t<div class=\"bdpp-post-img-bg\">\r\n\t\t\t<a href=\"https:\/\/voilierkribi.fr\/index.php\/2022\/05\/30\/renovation-du-safran-3-6-materiel\/\">\r\n\t\t\t\t<img decoding=\"async\" src=\"https:\/\/voilierkribi.fr\/wp-content\/uploads\/2022\/05\/2022-09-10-15.02.11-scaled.jpg\" class=\"bdpp-img bdpp-post-feat-img\" alt=\"R\u00e9novation du safran (3\/5) : mat\u00e9riel\" \/>\r\n\t\t\t<\/a>\r\n\t\t<\/div>\r\n\t\t\r\n\t\t<div class=\"bdpp-post-margin-content\">\r\n\t\t\t\r\n\t\t\t<h2 class=\"bdpp-post-title\">\r\n\t\t\t\t<a href=\"https:\/\/voilierkribi.fr\/index.php\/2022\/05\/30\/renovation-du-safran-3-6-materiel\/\">R\u00e9novation du safran (3\/5) : mat\u00e9riel<\/a>\r\n\t\t\t<\/h2>\r\n\r\n\t\t\t\t\t\t<div class=\"bdpp-post-meta bdpp-post-meta-up\">\r\n\t\t\t\t<span class=\"bdpp-post-meta-data bdpp-post-date\"><i class=\"fa fa-clock-o\"><\/i>30 mai 2022<\/span>\t\t\t<\/div>\r\n\t\t\t\t\t<\/div>\r\n\t<\/div>\r\n<\/div><div class=\"bdpp-post-grid bdpp-col-2 bdpp-columns bdpp-post-648 bdpp-post-standard bdpp-has-thumb\">\r\n\t<div class=\"bdpp-post-grid-content\">\r\n\t\t\t\t<div class=\"bdpp-post-img-bg\">\r\n\t\t\t<a href=\"https:\/\/voilierkribi.fr\/index.php\/2022\/05\/15\/renovation-du-safran-2-5-dilemme\/\">\r\n\t\t\t\t<img decoding=\"async\" src=\"https:\/\/voilierkribi.fr\/wp-content\/uploads\/2023\/02\/Screenshot_20230227_133723_Cx-File-Explorer.jpg\" class=\"bdpp-img bdpp-post-feat-img\" alt=\"R\u00e9novation du safran (2\/5) : dilemme\" \/>\r\n\t\t\t<\/a>\r\n\t\t<\/div>\r\n\t\t\r\n\t\t<div class=\"bdpp-post-margin-content\">\r\n\t\t\t\r\n\t\t\t<h2 class=\"bdpp-post-title\">\r\n\t\t\t\t<a href=\"https:\/\/voilierkribi.fr\/index.php\/2022\/05\/15\/renovation-du-safran-2-5-dilemme\/\">R\u00e9novation du safran (2\/5) : dilemme<\/a>\r\n\t\t\t<\/h2>\r\n\r\n\t\t\t\t\t\t<div class=\"bdpp-post-meta bdpp-post-meta-up\">\r\n\t\t\t\t<span class=\"bdpp-post-meta-data bdpp-post-date\"><i class=\"fa fa-clock-o\"><\/i>15 mai 2022<\/span>\t\t\t<\/div>\r\n\t\t\t\t\t<\/div>\r\n\t<\/div>\r\n<\/div><div class=\"bdpp-post-grid bdpp-col-2 bdpp-columns bdpp-post-423 bdpp-post-standard bdpp-first bdpp-has-thumb\">\r\n\t<div class=\"bdpp-post-grid-content\">\r\n\t\t\t\t<div class=\"bdpp-post-img-bg\">\r\n\t\t\t<a href=\"https:\/\/voilierkribi.fr\/index.php\/2022\/05\/01\/renovation-du-safran-1-5-la-depose\/\">\r\n\t\t\t\t<img decoding=\"async\" src=\"https:\/\/voilierkribi.fr\/wp-content\/uploads\/2023\/02\/2021-12-19-11.49.16_000007.png\" class=\"bdpp-img bdpp-post-feat-img\" alt=\"R\u00e9novation du safran (1\/5) : la d\u00e9pose\" \/>\r\n\t\t\t<\/a>\r\n\t\t<\/div>\r\n\t\t\r\n\t\t<div class=\"bdpp-post-margin-content\">\r\n\t\t\t\r\n\t\t\t<h2 class=\"bdpp-post-title\">\r\n\t\t\t\t<a href=\"https:\/\/voilierkribi.fr\/index.php\/2022\/05\/01\/renovation-du-safran-1-5-la-depose\/\">R\u00e9novation du safran (1\/5) : la d\u00e9pose<\/a>\r\n\t\t\t<\/h2>\r\n\r\n\t\t\t\t\t\t<div class=\"bdpp-post-meta bdpp-post-meta-up\">\r\n\t\t\t\t<span class=\"bdpp-post-meta-data bdpp-post-date\"><i class=\"fa fa-clock-o\"><\/i>1 mai 2022<\/span>\t\t\t<\/div>\r\n\t\t\t\t\t<\/div>\r\n\t<\/div>\r\n<\/div>\t<\/div>\r\n\t<\/div>\n","protected":false},"excerpt":{"rendered":"<p><span class=\"span-reading-time rt-reading-time\" style=\"display: block;\"><span class=\"rt-label rt-prefix\">Temps de lecture\u00a0: <\/span> <span class=\"rt-time\"> 4<\/span> <span class=\"rt-label rt-postfix\">minutes<\/span><\/span><\/p>\n","protected":false},"author":1,"featured_media":0,"parent":0,"menu_order":0,"comment_status":"closed","ping_status":"closed","template":"","meta":{"advgb_blocks_editor_width":"","advgb_blocks_columns_visual_guide":"","footnotes":""},"class_list":["post-1806","page","type-page","status-publish","hentry"],"coauthors":[],"author_meta":{"author_link":"https:\/\/voilierkribi.fr\/index.php\/author\/admin7450\/","display_name":"Jean"},"relative_dates":{"created":"Publi\u00e9 2 ans il y a","modified":"Mis \u00e0 jour 2 ans il y a"},"absolute_dates":{"created":"Publi\u00e9 le 8 janvier 2024","modified":"Mise \u00e0 jour le 13 janvier 2024"},"absolute_dates_time":{"created":"Publi\u00e9 le 8 janvier 2024 14h08","modified":"Mise \u00e0 jour le 13 janvier 2024 9h51"},"featured_img_caption":"","featured_img":false,"series_order":"","_links":{"self":[{"href":"https:\/\/voilierkribi.fr\/index.php\/wp-json\/wp\/v2\/pages\/1806","targetHints":{"allow":["GET"]}}],"collection":[{"href":"https:\/\/voilierkribi.fr\/index.php\/wp-json\/wp\/v2\/pages"}],"about":[{"href":"https:\/\/voilierkribi.fr\/index.php\/wp-json\/wp\/v2\/types\/page"}],"author":[{"embeddable":true,"href":"https:\/\/voilierkribi.fr\/index.php\/wp-json\/wp\/v2\/users\/1"}],"replies":[{"embeddable":true,"href":"https:\/\/voilierkribi.fr\/index.php\/wp-json\/wp\/v2\/comments?post=1806"}],"version-history":[{"count":7,"href":"https:\/\/voilierkribi.fr\/index.php\/wp-json\/wp\/v2\/pages\/1806\/revisions"}],"predecessor-version":[{"id":1869,"href":"https:\/\/voilierkribi.fr\/index.php\/wp-json\/wp\/v2\/pages\/1806\/revisions\/1869"}],"wp:attachment":[{"href":"https:\/\/voilierkribi.fr\/index.php\/wp-json\/wp\/v2\/media?parent=1806"}],"curies":[{"name":"wp","href":"https:\/\/api.w.org\/{rel}","templated":true}]}}